 the remainder when 3116 is divided by 1489.
138
Calculate the remainder when 1703 is divided by 49.
37
What is the remainder when 4970 is divided by 4274?
696
What is the remainder when 478 is divided by 124?
106
Calculate the remainder when 684 is divided by 266.
152
What is the remainder when 211132 is divided by 42223?
17
Calculate the remainder when 11695 is divided by 778.
25
Calculate the remainder when 13568 is divided by 189.
149
What is the remainder when 366210 is divided by 77?
75
What is the remainder when 1392 is divided by 346?
8
What is the remainder when 13381 is divided by 1483?
34
What is the remainder when 32656 is divided by 63?
22
Calculate the remainder when 565247 is divided by 658.
25
What is the remainder when 49667 is divided by 217?
191
Calculate the remainder when 12709 is divided by 14.
11
What is the remainder when 4714 is divided by 124?
2
What is the remainder when 36146 is divided by 117?
110
What is the remainder when 46142 is divided by 11507?
114
Calculate the remainder when 5778 is divided by 208.
162
Calculate the remainder when 3890 is divided by 3869.
21
Calculate the remainder when 135563 is divided by 766.
747
What is the remainder when 5167 is divided by 678?
421
Calculate the remainder when 3848 is divided by 1913.
22
What is the remainder when 312 is divided by 237?
75
What is the remainder when 67039 is divided by 573?
571
Calculate the remainder when 10368 is divided by 123.
36
Calculate the remainder when 4115 is divided by 319.
287
Calculate the remainder when 1335999 is divided by 16.
15
What is the remainder when 56355 is divided by 73?
72
What is the remainder when 1065 is divided by 94?
31
What is the remainder when 1300041 is divided by 6?
3
What is the remainder when 7646 is divided by 78?
2
What is the remainder when 32497 is divided by 755?
32
Calculate the remainder when 14046 is divided by 1746.
78
Calculate the remainder when 11074 is divided by 241.
229
Calculate the remainder when 983 is divided by 534.
449
Calculate the remainder when 774790 is divided by 216.
214
Calculate the remainder when 8684 is divided by 68.
48
Calculate the remainder when 77007 is divided by 389.
374
Calculate the remainder when 11351 is divided by 257.
43
What is the remainder when 315118 is divided by 303?
301
What is the remainder when 9929 is divided by 2200?
1129
What is the remainder when 990175 is divided by 1489?
1479
What is the remainder when 1146185 is divided by 17?
11
What is the remainder when 8982 is divided by 78?
12
Calculate the remainder when 2035589 is divided by 1381.
1376
Calculate the remainder when 899 is divided by 87.
29
Calculate the remainder when 4326906 is divided by 79.
76
Calculate the remainder when 52702 is divided by 79.
9
What is the remainder when 44706 is divided by 52?
38
What is the remainder when 47561 is divided by 23714?
133
Calculate the remainder when 159419 is divided by 79632.
155
Calculate the remainder when 1787 is divided by 104.
19
What is the remainder when 524 is divided by 188?
148
Calculate the remainder when 107379 is divided by 66.
63
What is the remainder when 3290 is divided by 57?
41
Calculate the remainder when 118983 is divided by 10814.
29
What is the remainder when 6412 is divided by 492?
16
Calculate the remainder when 483 is divided by 98.
91
What is the remainder when 15930 is divided by 1336?
1234
Calculate the remainder when 353756 is divided by 67.
63
What is the remainder when 1336784 is divided by 52?
20
Calculate the remainder when 68605 is divided by 67.
64
What is the remainder when 965482 is divided by 39?
37
What is the remainder when 14725 is divided by 4?
1
What is the remainder when 2583405 is divided by 1712?
1709
Calculate the remainder when 4609 is divided by 105.
94
What is the remainder when 67317 is divided by 238?
201
Calculate the remainder when 22121 is divided by 47.
31
Calculate the remainder when 961897 is divided by 379.
374
Calculate the remainder when 54043 is divided by 569.
557
Calculate the remainder when 3743 is divided by 1201.
140
What is the remainder when 2779 is divided by 1175?
429
Calculate the remainder when 28627 is divided by 358.
345
Calculate the remainder when 5213 is divided by 306.
11
What is the remainder when 506 is divided by 296?
210
Calculate the remainder when 23592 is divided by 639.
588
What is the remainder when 881 is divided by 866?
15
What is the remainder when 70861 is divided by 188?
173
What is the remainder when 1290770 is divided by 258153?
5
Calculate the remainder when 6904 is divided by 119.
2
What is the remainder when 1830526 is divided by 8?
6
Calculate the remainder when 452 is divided by 27.
20
Calculate the remainder when 16875 is divided by 394.
327
Calculate the remainder when 14225 is divided by 891.
860
What is the remainder when 105638 is divided by 19?
17
Calculate the remainder when 153758 is divided by 164.
90
Calculate the remainder when 172397 is divided by 400.
397
What is the remainder when 39760 is divided by 9905?
140
Calculate the remainder when 1235891 is divided by 121.
118
Calculate the remainder when 8329 is divided by 67.
21
What is the remainder when 9496 is divided by 4647?
202
Calculate the remainder when 14900 is divided by 4917.
149
Calculate the remainder when 918 is divided by 489.
429
Calculate the remainder when 23864 is divided by 168.
8
Calculate the remainder when 3596 is divided by 24.
20
Calculate the remainder when 126075 is divided by 237.
228
Calculate the remainder when 2859 is divided by 146.
85
What is the remainder when 4099 is divided by 676?
43
What is the remainder when 2027968 is divided by 270?
268
What is the remainder when 20139 is divided by 10069?
1
What is the remainder when 24210 is divided by 141?
99
What is the remainder when 106557 is divided by 10?
7
What is the remainder when 246407 is divided by 42?
35
Calculate the remainder when 14424 is divided by 15.
9
What is the remainder when 198013 is divided by 91?
88
What is the remainder when 33578 is divided by 104?
90
Calculate the remainder when 49644 is divided by 49622.
22
Calculate the remainder when 482016 is divided by 500.
16
What is the remainder when 6505 is divided by 746?
537
Calculate the remainder when 26967 is divided by 1942.
1721
Calculate the remainder when 20778 is divided by 176.
10
What is the remainder when 613685 is divided by 53?
51
What is the remainder when 2192 is divided by 535?
52
What is the remainder when 71070 is divided by 23686?
12
Calculate the remainder when 1762 is divided by 196.
194
Calculate the remainder when 113270 is divided by 28307.
42
What is the remainder when 2241 is divided by 133?
113
Calculate the remainder when 942215 is divided by 235552.
7
What is the remainder when 14779 is divided by 26?
11
What is the remainder when 1608 is divided by 431?
315
What is the remainder when 4406 is divided by 80?
6
Calculate the remainder when 20851 is divided by 1004.
771
What is the remainder when 34103 is divided by 6820?
3
What is the remainder when 55493 is divided by 22?
9
Calculate the remainder when 110596 is divided by 27648.
4
What is the remainder when 722 is divided by 156?
98
Calculate the remainder when 109083 is divided by 22.
7
What is the remainder when 12860 is divided by 721?
603
What is the remainder when 390772 is divided by 77?
74
Calculate the remainder when 63165 is divided by 5.
0
Calculate the remainder when 2822817 is divided by 770.
767
What is the remainder when 2700 is divided by 32?
12
What is the remainder when 58224 is divided by 25?
24
What is the remainder when 3757 is divided by 1118?
403
What is the remainder when 626216 is divided by 84?
80
What is the remainder when 58546 is divided by 52?
46
Calculate the remainder when 1641 is divided by 151.
131
Calculate the remainder when 18128 is divided by 168.
152
What is the remainder when 167996 is divided by 75?
71
What is the remainder when 1104 is divided by 343?
75
Calculate the remainder when 248831 is divided by 486.
485
Calculate the remainder when 4404 is divided by 880.
4
Calculate the remainder when 11810 is divided by 967.
206
What is the remainder when 28906 is divided by 466?
14
What is the remainder when 37451 is divided by 151?
3
